{"id":50,"date":"2025-09-06T04:09:53","date_gmt":"2025-09-06T04:09:53","guid":{"rendered":"https:\/\/kapitaen-mueller.de\/?page_id=50"},"modified":"2025-09-09T07:52:23","modified_gmt":"2025-09-09T07:52:23","slug":"hapag-hallen-tor-zur-welt-und-zeitzeuge-der-auswanderung","status":"publish","type":"page","link":"https:\/\/kapitaen-mueller.de\/?page_id=50","title":{"rendered":"Hapag-Hallen \u2013 Tor zur Welt und Zeitzeuge der Auswanderung"},"content":{"rendered":"\n<p>Die <strong>Hapag-Hallen<\/strong> in Cuxhaven geh\u00f6ren zu den historisch bedeutendsten Bauwerken der Stadt und erz\u00e4hlen eine eindrucksvolle Geschichte von Aufbruch, Mut und Hoffnung. Errichtet zu Beginn des 20. Jahrhunderts von der Hamburg-Amerikanischen Packetfahrt-Actien-Gesellschaft (HAPAG), dienten die Hallen jahrzehntelang als Abfertigungsort f\u00fcr Auswanderer, die von hier aus in die \u201eNeue Welt\u201c aufbrachen. Zwischen 1889 und 1969 verlie\u00dfen \u00fcber f\u00fcnf Millionen Menschen in Richtung Amerika und andere \u00dcberseeziele den Hafen Cuxhavens, viele mit nichts weiter als einem Koffer voller Habseligkeiten und dem Traum auf ein besseres Leben.<\/p>\n\n\n\n<figure class=\"wp-block-image size-large\"><img loading=\"lazy\" decoding=\"async\" width=\"1024\" height=\"768\" src=\"https:\/\/kapitaen-mueller.de\/wp-content\/uploads\/2025\/09\/IMG_7603-1024x768.jpeg\" alt=\"\" class=\"wp-image-582\" style=\"aspect-ratio:16\/9;object-fit:cover\" srcset=\"https:\/\/kapitaen-mueller.de\/wp-content\/uploads\/2025\/09\/IMG_7603-1024x768.jpeg 1024w, https:\/\/kapitaen-mueller.de\/wp-content\/uploads\/2025\/09\/IMG_7603-300x225.jpeg 300w, https:\/\/kapitaen-mueller.de\/wp-content\/uploads\/2025\/09\/IMG_7603-768x576.jpeg 768w, https:\/\/kapitaen-mueller.de\/wp-content\/uploads\/2025\/09\/IMG_7603.jpeg 1280w\" sizes=\"auto, (max-width: 1024px) 100vw, 1024px\" \/><\/figure>\n\n\n\n<p>Architektonisch beeindrucken die Hallen durch ihre imposante Backsteinfassade, gro\u00dfe Fensterfronten und die weitl\u00e4ufige Innenstruktur, die den historischen Charme der \u00c4ra bewahrt hat. Die Halle war urspr\u00fcnglich in mehrere Abfertigungsbereiche unterteilt: Wartes\u00e4le, Schalter f\u00fcr Registrierung und Gep\u00e4ckkontrolle, sowie medizinische Kontrollstationen, in denen die Passagiere auf Gesundheit und Reisef\u00e4higkeit gepr\u00fcft wurden. In diesen R\u00e4umen sp\u00fcrt man noch heute die Atmosph\u00e4re der damaligen Zeit, die gepr\u00e4gt war von Spannung, Vorfreude, aber auch Abschiedsschmerz.<\/p>\n\n\n\n<figure class=\"wp-block-image size-large\"><img loading=\"lazy\" decoding=\"async\" width=\"1024\" height=\"681\" src=\"https:\/\/kapitaen-mueller.de\/wp-content\/uploads\/2025\/09\/DSC3594-1024x681.jpg\" alt=\"Hapag\" class=\"wp-image-69\" style=\"aspect-ratio:16\/9;object-fit:cover\" srcset=\"https:\/\/kapitaen-mueller.de\/wp-content\/uploads\/2025\/09\/DSC3594-1024x681.jpg 1024w, https:\/\/kapitaen-mueller.de\/wp-content\/uploads\/2025\/09\/DSC3594-300x199.jpg 300w, https:\/\/kapitaen-mueller.de\/wp-content\/uploads\/2025\/09\/DSC3594-768x511.jpg 768w, https:\/\/kapitaen-mueller.de\/wp-content\/uploads\/2025\/09\/DSC3594-1536x1021.jpg 1536w, https:\/\/kapitaen-mueller.de\/wp-content\/uploads\/2025\/09\/DSC3594-2048x1362.jpg 2048w\" sizes=\"auto, (max-width: 1024px) 100vw, 1024px\" \/><\/figure>\n\n\n\n<p>Das Museum in den Hapag-Hallen zeigt eine umfangreiche Sammlung von Dokumenten, Fotografien, Koffern, Auswandererlisten und pers\u00f6nlichen Gegenst\u00e4nden. Viele der Exponate erz\u00e4hlen die Geschichten einzelner Familien und einzelner Menschen, die alles zur\u00fccklie\u00dfen, um in Amerika ein neues Leben zu beginnen. Besonders eindrucksvoll sind die originalen Wartebereiche, in denen die Auswanderer oft stundenlang oder sogar tageweise auf die Abfahrt ihrer Schiffe warteten. Diese R\u00e4ume vermitteln einen lebendigen Eindruck davon, wie gro\u00df die Hoffnungen, aber auch die \u00c4ngste der Menschen waren.<\/p>\n\n\n\n<figure class=\"wp-block-image size-large\"><img loading=\"lazy\" decoding=\"async\" width=\"1024\" height=\"768\" src=\"https:\/\/kapitaen-mueller.de\/wp-content\/uploads\/2025\/09\/IMG_7598-1024x768.jpeg\" alt=\"\" class=\"wp-image-578\" style=\"aspect-ratio:16\/9;object-fit:cover\" srcset=\"https:\/\/kapitaen-mueller.de\/wp-content\/uploads\/2025\/09\/IMG_7598-1024x768.jpeg 1024w, https:\/\/kapitaen-mueller.de\/wp-content\/uploads\/2025\/09\/IMG_7598-300x225.jpeg 300w, https:\/\/kapitaen-mueller.de\/wp-content\/uploads\/2025\/09\/IMG_7598-768x576.jpeg 768w, https:\/\/kapitaen-mueller.de\/wp-content\/uploads\/2025\/09\/IMG_7598.jpeg 1280w\" sizes=\"auto, (max-width: 1024px) 100vw, 1024px\" \/><\/figure>\n\n\n\n<p>Dar\u00fcber hinaus wird die <strong>technische Seite der Auswanderung<\/strong> erlebbar: Von der Abfertigung auf den Schiffen \u00fcber das Einchecken des Gep\u00e4cks bis hin zur Organisation der Seereisen. Interaktive Stationen und multimediale Installationen erg\u00e4nzen die Ausstellung und erm\u00f6glichen es den Besuchern, die Abl\u00e4ufe der damaligen Zeit nachvollziehbar zu erleben. F\u00fcr Kinder gibt es spezielle Bereiche, die spielerisch Einblicke in die Historie der Schifffahrt und der Auswanderung vermitteln.<\/p>\n\n\n\n<figure class=\"wp-block-image size-large\"><img loading=\"lazy\" decoding=\"async\" width=\"1024\" height=\"768\" src=\"https:\/\/kapitaen-mueller.de\/wp-content\/uploads\/2025\/09\/IMG_7593-1024x768.jpeg\" alt=\"\" class=\"wp-image-573\" style=\"aspect-ratio:16\/9;object-fit:cover\" srcset=\"https:\/\/kapitaen-mueller.de\/wp-content\/uploads\/2025\/09\/IMG_7593-1024x768.jpeg 1024w, https:\/\/kapitaen-mueller.de\/wp-content\/uploads\/2025\/09\/IMG_7593-300x225.jpeg 300w, https:\/\/kapitaen-mueller.de\/wp-content\/uploads\/2025\/09\/IMG_7593-768x576.jpeg 768w, https:\/\/kapitaen-mueller.de\/wp-content\/uploads\/2025\/09\/IMG_7593.jpeg 1280w\" sizes=\"auto, (max-width: 1024px) 100vw, 1024px\" \/><\/figure>\n\n\n\n<p>Die Hapag-Hallen sind jedoch nicht nur ein Museum. Sie sind ein Ort der Erinnerung und der Reflexion \u00fcber Migration, kulturelle Wurzeln und die Herausforderungen des Aufbruchs. Historiker und P\u00e4dagogen nutzen die Hallen f\u00fcr Bildungsprogramme, F\u00fchrungen und Sonderausstellungen. Sie verdeutlichen, wie eng die Geschichte Cuxhavens mit der internationalen Schifffahrt, der Migration und der Hamburger Reederei verbunden ist.<\/p>\n\n\n\n<p>Heute sind die Hapag-Hallen ein Symbol f\u00fcr die Verbindung von Tradition und Gegenwart. Sie zeigen, wie ein Ort, der einst Startpunkt f\u00fcr tausende Menschen in ein unbekanntes Leben war, heute Geschichte lebendig vermittelt und Besucher aus aller Welt anzieht. Wer Cuxhaven besucht, sollte einen Abstecher zu den Hapag-Hallen unbedingt einplanen, um die Geschichten der Auswanderer nachzuempfinden und ein St\u00fcck globaler Geschichte hautnah zu erleben.<\/p>\n","protected":false},"excerpt":{"rendered":"<p>Die Hapag-Hallen in Cuxhaven geh\u00f6ren zu den historisch bedeutendsten Bauwerken der Stadt und erz\u00e4hlen eine eindrucksvolle Geschichte von Aufbruch, Mut und Hoffnung. Errichtet zu Beginn des 20. Jahrhunderts von der Hamburg-Amerikanischen Packetfahrt-Actien-Gesellschaft (HAPAG), dienten die Hallen jahrzehntelang als Abfertigungsort f\u00fcr Auswanderer, die von hier aus in die \u201eNeue Welt\u201c aufbrachen. Zwischen 1889 und 1969 verlie\u00dfen&#8230;<\/p>\n","protected":false},"author":1,"featured_media":583,"parent":0,"menu_order":0,"comment_status":"closed","ping_status":"closed","template":"","meta":{"_kadence_starter_templates_imported_post":false,"_kad_post_transparent":"","_kad_post_title":"","_kad_post_layout":"","_kad_post_sidebar_id":"","_kad_post_content_style":"","_kad_post_vertical_padding":"","_kad_post_feature":"","_kad_post_feature_position":"","_kad_post_header":false,"_kad_post_footer":false,"footnotes":""},"class_list":["post-50","page","type-page","status-publish","has-post-thumbnail","hentry"],"_links":{"self":[{"href":"https:\/\/kapitaen-mueller.de\/index.php?rest_route=\/wp\/v2\/pages\/50","targetHints":{"allow":["GET"]}}],"collection":[{"href":"https:\/\/kapitaen-mueller.de\/index.php?rest_route=\/wp\/v2\/pages"}],"about":[{"href":"https:\/\/kapitaen-mueller.de\/index.php?rest_route=\/wp\/v2\/types\/page"}],"author":[{"embeddable":true,"href":"https:\/\/kapitaen-mueller.de\/index.php?rest_route=\/wp\/v2\/users\/1"}],"replies":[{"embeddable":true,"href":"https:\/\/kapitaen-mueller.de\/index.php?rest_route=%2Fwp%2Fv2%2Fcomments&post=50"}],"version-history":[{"count":3,"href":"https:\/\/kapitaen-mueller.de\/index.php?rest_route=\/wp\/v2\/pages\/50\/revisions"}],"predecessor-version":[{"id":875,"href":"https:\/\/kapitaen-mueller.de\/index.php?rest_route=\/wp\/v2\/pages\/50\/revisions\/875"}],"wp:featuredmedia":[{"embeddable":true,"href":"https:\/\/kapitaen-mueller.de\/index.php?rest_route=\/wp\/v2\/media\/583"}],"wp:attachment":[{"href":"https:\/\/kapitaen-mueller.de\/index.php?rest_route=%2Fwp%2Fv2%2Fmedia&parent=50"}],"curies":[{"name":"wp","href":"https:\/\/api.w.org\/{rel}","templated":true}]}}