{"id":38,"date":"2025-09-02T08:50:46","date_gmt":"2025-09-02T08:50:46","guid":{"rendered":"https:\/\/kapitaen-mueller.de\/?page_id=38"},"modified":"2025-09-10T15:47:18","modified_gmt":"2025-09-10T15:47:18","slug":"das-wattenmeer-vor-cuxhaven","status":"publish","type":"page","link":"https:\/\/kapitaen-mueller.de\/?page_id=38","title":{"rendered":"Das Wattenmeer vor Cuxhaven"},"content":{"rendered":"\n<p>Das Wattenmeer vor Cuxhaven geh\u00f6rt zu den eindrucksvollsten Naturlandschaften Europas und ist seit 2009 Teil des UNESCO-Weltnaturerbes. Wer hier an der Nordseek\u00fcste steht und den Blick in die Weite schweifen l\u00e4sst, sp\u00fcrt sofort die besondere Mischung aus endloser Freiheit, lebendigem Naturgeschehen und maritimem Charme. Das Wattenmeer ist weit mehr als eine \u201eLandschaft bei Ebbe\u201c \u2013 es ist ein dynamisches \u00d6kosystem von globaler Bedeutung und ein Erlebnis, das jedes Jahr Millionen von Besuchern fasziniert.<\/p>\n\n\n\n<figure class=\"wp-block-image size-large\"><img loading=\"lazy\" decoding=\"async\" width=\"1024\" height=\"768\" src=\"https:\/\/kapitaen-mueller.de\/wp-content\/uploads\/2025\/09\/IMG_3695-1024x768.jpeg\" alt=\"Wattenmeer bei Cuxhaven\" class=\"wp-image-393\" style=\"aspect-ratio:16\/9;object-fit:cover\" srcset=\"https:\/\/kapitaen-mueller.de\/wp-content\/uploads\/2025\/09\/IMG_3695-1024x768.jpeg 1024w, https:\/\/kapitaen-mueller.de\/wp-content\/uploads\/2025\/09\/IMG_3695-300x225.jpeg 300w, https:\/\/kapitaen-mueller.de\/wp-content\/uploads\/2025\/09\/IMG_3695-768x576.jpeg 768w, https:\/\/kapitaen-mueller.de\/wp-content\/uploads\/2025\/09\/IMG_3695.jpeg 1280w\" sizes=\"auto, (max-width: 1024px) 100vw, 1024px\" \/><\/figure>\n\n\n\n<p>Die Entstehung des Wattenmeeres ist ein Zusammenspiel von Gezeiten, Wind und Str\u00f6mung. Zweimal t\u00e4glich zieht sich das Wasser zur\u00fcck und legt eine faszinierende Landschaft frei: Wattfl\u00e4chen, Priele, Muschelb\u00e4nke und Sandb\u00e4nke. Dieser st\u00e4ndige Wechsel aus Ebbe und Flut schafft eine einzigartige Lebensgrundlage f\u00fcr zahlreiche Tierarten. Wattw\u00fcrmer graben sich durch den Boden, Herzmuscheln filtern N\u00e4hrstoffe aus dem Wasser, und V\u00f6gel wie Austernfischer, Knutts oder Brandg\u00e4nse finden hier reiche Nahrung. Besonders im Fr\u00fchjahr und Herbst wird Cuxhaven zum Rastplatz f\u00fcr Millionen von Zugv\u00f6geln, die hier ihre Energiereserven f\u00fcr die langen Flugrouten zwischen Afrika und Sibirien auftanken.<\/p>\n\n\n\n<figure class=\"wp-block-gallery has-nested-images columns-default is-cropped wp-block-gallery-1 is-layout-flex wp-block-gallery-is-layout-flex\">\n<figure class=\"wp-block-image size-large\"><img loading=\"lazy\" decoding=\"async\" width=\"1024\" height=\"768\" data-id=\"795\" src=\"https:\/\/kapitaen-mueller.de\/wp-content\/uploads\/2025\/09\/IMG_8437-1024x768.jpeg\" alt=\"\" class=\"wp-image-795\" srcset=\"https:\/\/kapitaen-mueller.de\/wp-content\/uploads\/2025\/09\/IMG_8437-1024x768.jpeg 1024w, https:\/\/kapitaen-mueller.de\/wp-content\/uploads\/2025\/09\/IMG_8437-300x225.jpeg 300w, https:\/\/kapitaen-mueller.de\/wp-content\/uploads\/2025\/09\/IMG_8437-768x576.jpeg 768w, https:\/\/kapitaen-mueller.de\/wp-content\/uploads\/2025\/09\/IMG_8437.jpeg 1280w\" sizes=\"auto, (max-width: 1024px) 100vw, 1024px\" \/><\/figure>\n\n\n\n<figure class=\"wp-block-image size-large\"><img loading=\"lazy\" decoding=\"async\" width=\"1024\" height=\"768\" data-id=\"787\" src=\"https:\/\/kapitaen-mueller.de\/wp-content\/uploads\/2025\/09\/IMG_8428-1024x768.jpeg\" alt=\"\" class=\"wp-image-787\" srcset=\"https:\/\/kapitaen-mueller.de\/wp-content\/uploads\/2025\/09\/IMG_8428-1024x768.jpeg 1024w, https:\/\/kapitaen-mueller.de\/wp-content\/uploads\/2025\/09\/IMG_8428-300x225.jpeg 300w, https:\/\/kapitaen-mueller.de\/wp-content\/uploads\/2025\/09\/IMG_8428-768x576.jpeg 768w, https:\/\/kapitaen-mueller.de\/wp-content\/uploads\/2025\/09\/IMG_8428.jpeg 1280w\" sizes=\"auto, (max-width: 1024px) 100vw, 1024px\" \/><\/figure>\n\n\n\n<figure class=\"wp-block-image size-large\"><img loading=\"lazy\" decoding=\"async\" width=\"1024\" height=\"768\" data-id=\"789\" src=\"https:\/\/kapitaen-mueller.de\/wp-content\/uploads\/2025\/09\/IMG_8430-1024x768.jpeg\" alt=\"\" class=\"wp-image-789\" srcset=\"https:\/\/kapitaen-mueller.de\/wp-content\/uploads\/2025\/09\/IMG_8430-1024x768.jpeg 1024w, https:\/\/kapitaen-mueller.de\/wp-content\/uploads\/2025\/09\/IMG_8430-300x225.jpeg 300w, https:\/\/kapitaen-mueller.de\/wp-content\/uploads\/2025\/09\/IMG_8430-768x576.jpeg 768w, https:\/\/kapitaen-mueller.de\/wp-content\/uploads\/2025\/09\/IMG_8430.jpeg 1280w\" sizes=\"auto, (max-width: 1024px) 100vw, 1024px\" \/><\/figure>\n\n\n\n<figure class=\"wp-block-image size-large\"><img loading=\"lazy\" decoding=\"async\" width=\"1024\" height=\"768\" data-id=\"784\" src=\"https:\/\/kapitaen-mueller.de\/wp-content\/uploads\/2025\/09\/IMG_8421-1024x768.jpeg\" alt=\"\" class=\"wp-image-784\" srcset=\"https:\/\/kapitaen-mueller.de\/wp-content\/uploads\/2025\/09\/IMG_8421-1024x768.jpeg 1024w, https:\/\/kapitaen-mueller.de\/wp-content\/uploads\/2025\/09\/IMG_8421-300x225.jpeg 300w, https:\/\/kapitaen-mueller.de\/wp-content\/uploads\/2025\/09\/IMG_8421-768x576.jpeg 768w, https:\/\/kapitaen-mueller.de\/wp-content\/uploads\/2025\/09\/IMG_8421.jpeg 1280w\" sizes=\"auto, (max-width: 1024px) 100vw, 1024px\" \/><\/figure>\n\n\n\n<figure class=\"wp-block-image size-large\"><img loading=\"lazy\" decoding=\"async\" width=\"1024\" height=\"768\" data-id=\"783\" src=\"https:\/\/kapitaen-mueller.de\/wp-content\/uploads\/2025\/09\/IMG_8419-1024x768.jpeg\" alt=\"\" class=\"wp-image-783\" srcset=\"https:\/\/kapitaen-mueller.de\/wp-content\/uploads\/2025\/09\/IMG_8419-1024x768.jpeg 1024w, https:\/\/kapitaen-mueller.de\/wp-content\/uploads\/2025\/09\/IMG_8419-300x225.jpeg 300w, https:\/\/kapitaen-mueller.de\/wp-content\/uploads\/2025\/09\/IMG_8419-768x576.jpeg 768w, https:\/\/kapitaen-mueller.de\/wp-content\/uploads\/2025\/09\/IMG_8419.jpeg 1280w\" sizes=\"auto, (max-width: 1024px) 100vw, 1024px\" \/><\/figure>\n\n\n\n<figure class=\"wp-block-image size-large\"><img loading=\"lazy\" decoding=\"async\" width=\"1024\" height=\"768\" data-id=\"785\" src=\"https:\/\/kapitaen-mueller.de\/wp-content\/uploads\/2025\/09\/IMG_8426-1024x768.jpeg\" alt=\"\" class=\"wp-image-785\" srcset=\"https:\/\/kapitaen-mueller.de\/wp-content\/uploads\/2025\/09\/IMG_8426-1024x768.jpeg 1024w, https:\/\/kapitaen-mueller.de\/wp-content\/uploads\/2025\/09\/IMG_8426-300x225.jpeg 300w, https:\/\/kapitaen-mueller.de\/wp-content\/uploads\/2025\/09\/IMG_8426-768x576.jpeg 768w, https:\/\/kapitaen-mueller.de\/wp-content\/uploads\/2025\/09\/IMG_8426.jpeg 1280w\" sizes=\"auto, (max-width: 1024px) 100vw, 1024px\" \/><\/figure>\n\n\n\n<figure class=\"wp-block-image size-large\"><img loading=\"lazy\" decoding=\"async\" width=\"1024\" height=\"768\" data-id=\"776\" src=\"https:\/\/kapitaen-mueller.de\/wp-content\/uploads\/2025\/09\/IMG_8404-1024x768.jpeg\" alt=\"\" class=\"wp-image-776\" srcset=\"https:\/\/kapitaen-mueller.de\/wp-content\/uploads\/2025\/09\/IMG_8404-1024x768.jpeg 1024w, https:\/\/kapitaen-mueller.de\/wp-content\/uploads\/2025\/09\/IMG_8404-300x225.jpeg 300w, https:\/\/kapitaen-mueller.de\/wp-content\/uploads\/2025\/09\/IMG_8404-768x576.jpeg 768w, https:\/\/kapitaen-mueller.de\/wp-content\/uploads\/2025\/09\/IMG_8404.jpeg 1280w\" sizes=\"auto, (max-width: 1024px) 100vw, 1024px\" \/><\/figure>\n\n\n\n<figure class=\"wp-block-image size-large\"><img loading=\"lazy\" decoding=\"async\" width=\"1024\" height=\"768\" data-id=\"772\" src=\"https:\/\/kapitaen-mueller.de\/wp-content\/uploads\/2025\/09\/IMG_8397-1024x768.jpeg\" alt=\"\" class=\"wp-image-772\" srcset=\"https:\/\/kapitaen-mueller.de\/wp-content\/uploads\/2025\/09\/IMG_8397-1024x768.jpeg 1024w, https:\/\/kapitaen-mueller.de\/wp-content\/uploads\/2025\/09\/IMG_8397-300x225.jpeg 300w, https:\/\/kapitaen-mueller.de\/wp-content\/uploads\/2025\/09\/IMG_8397-768x576.jpeg 768w, https:\/\/kapitaen-mueller.de\/wp-content\/uploads\/2025\/09\/IMG_8397.jpeg 1280w\" sizes=\"auto, (max-width: 1024px) 100vw, 1024px\" \/><\/figure>\n\n\n\n<figure class=\"wp-block-image size-large\"><img loading=\"lazy\" decoding=\"async\" width=\"1024\" height=\"768\" data-id=\"702\" src=\"https:\/\/kapitaen-mueller.de\/wp-content\/uploads\/2025\/09\/IMG_8284-1024x768.jpeg\" alt=\"\" class=\"wp-image-702\" srcset=\"https:\/\/kapitaen-mueller.de\/wp-content\/uploads\/2025\/09\/IMG_8284-1024x768.jpeg 1024w, https:\/\/kapitaen-mueller.de\/wp-content\/uploads\/2025\/09\/IMG_8284-300x225.jpeg 300w, https:\/\/kapitaen-mueller.de\/wp-content\/uploads\/2025\/09\/IMG_8284-768x576.jpeg 768w, https:\/\/kapitaen-mueller.de\/wp-content\/uploads\/2025\/09\/IMG_8284.jpeg 1280w\" sizes=\"auto, (max-width: 1024px) 100vw, 1024px\" \/><\/figure>\n\n\n\n<figure class=\"wp-block-image size-large\"><img loading=\"lazy\" decoding=\"async\" width=\"1024\" height=\"768\" data-id=\"709\" src=\"https:\/\/kapitaen-mueller.de\/wp-content\/uploads\/2025\/09\/IMG_8299-1024x768.jpeg\" alt=\"\" class=\"wp-image-709\" srcset=\"https:\/\/kapitaen-mueller.de\/wp-content\/uploads\/2025\/09\/IMG_8299-1024x768.jpeg 1024w, https:\/\/kapitaen-mueller.de\/wp-content\/uploads\/2025\/09\/IMG_8299-300x225.jpeg 300w, https:\/\/kapitaen-mueller.de\/wp-content\/uploads\/2025\/09\/IMG_8299-768x576.jpeg 768w, https:\/\/kapitaen-mueller.de\/wp-content\/uploads\/2025\/09\/IMG_8299.jpeg 1280w\" sizes=\"auto, (max-width: 1024px) 100vw, 1024px\" \/><\/figure>\n\n\n\n<figure class=\"wp-block-image size-large\"><img loading=\"lazy\" decoding=\"async\" width=\"768\" height=\"1024\" data-id=\"705\" src=\"https:\/\/kapitaen-mueller.de\/wp-content\/uploads\/2025\/09\/IMG_8295-768x1024.jpeg\" alt=\"\" class=\"wp-image-705\" srcset=\"https:\/\/kapitaen-mueller.de\/wp-content\/uploads\/2025\/09\/IMG_8295-768x1024.jpeg 768w, https:\/\/kapitaen-mueller.de\/wp-content\/uploads\/2025\/09\/IMG_8295-225x300.jpeg 225w, https:\/\/kapitaen-mueller.de\/wp-content\/uploads\/2025\/09\/IMG_8295.jpeg 960w\" sizes=\"auto, (max-width: 768px) 100vw, 768px\" \/><\/figure>\n\n\n\n<figure class=\"wp-block-image size-large\"><img loading=\"lazy\" decoding=\"async\" width=\"1024\" height=\"768\" data-id=\"484\" src=\"https:\/\/kapitaen-mueller.de\/wp-content\/uploads\/2025\/09\/IMG_5695-1024x768.jpeg\" alt=\"\" class=\"wp-image-484\" srcset=\"https:\/\/kapitaen-mueller.de\/wp-content\/uploads\/2025\/09\/IMG_5695-1024x768.jpeg 1024w, https:\/\/kapitaen-mueller.de\/wp-content\/uploads\/2025\/09\/IMG_5695-300x225.jpeg 300w, https:\/\/kapitaen-mueller.de\/wp-content\/uploads\/2025\/09\/IMG_5695-768x576.jpeg 768w, https:\/\/kapitaen-mueller.de\/wp-content\/uploads\/2025\/09\/IMG_5695.jpeg 1280w\" sizes=\"auto, (max-width: 1024px) 100vw, 1024px\" \/><\/figure>\n\n\n\n<figure class=\"wp-block-image size-large\"><img loading=\"lazy\" decoding=\"async\" width=\"1024\" height=\"768\" data-id=\"441\" src=\"https:\/\/kapitaen-mueller.de\/wp-content\/uploads\/2025\/09\/IMG_5001-1024x768.jpeg\" alt=\"\" class=\"wp-image-441\" srcset=\"https:\/\/kapitaen-mueller.de\/wp-content\/uploads\/2025\/09\/IMG_5001-1024x768.jpeg 1024w, https:\/\/kapitaen-mueller.de\/wp-content\/uploads\/2025\/09\/IMG_5001-300x225.jpeg 300w, https:\/\/kapitaen-mueller.de\/wp-content\/uploads\/2025\/09\/IMG_5001-768x576.jpeg 768w, https:\/\/kapitaen-mueller.de\/wp-content\/uploads\/2025\/09\/IMG_5001.jpeg 1280w\" sizes=\"auto, (max-width: 1024px) 100vw, 1024px\" \/><\/figure>\n\n\n\n<figure class=\"wp-block-image size-large\"><img loading=\"lazy\" decoding=\"async\" width=\"1024\" height=\"768\" data-id=\"361\" src=\"https:\/\/kapitaen-mueller.de\/wp-content\/uploads\/2025\/09\/IMG_3135-1024x768.jpeg\" alt=\"\" class=\"wp-image-361\" srcset=\"https:\/\/kapitaen-mueller.de\/wp-content\/uploads\/2025\/09\/IMG_3135-1024x768.jpeg 1024w, https:\/\/kapitaen-mueller.de\/wp-content\/uploads\/2025\/09\/IMG_3135-300x225.jpeg 300w, https:\/\/kapitaen-mueller.de\/wp-content\/uploads\/2025\/09\/IMG_3135-768x576.jpeg 768w, https:\/\/kapitaen-mueller.de\/wp-content\/uploads\/2025\/09\/IMG_3135.jpeg 1280w\" sizes=\"auto, (max-width: 1024px) 100vw, 1024px\" \/><\/figure>\n\n\n\n<figure class=\"wp-block-image size-large\"><img loading=\"lazy\" decoding=\"async\" width=\"1024\" height=\"768\" data-id=\"293\" src=\"https:\/\/kapitaen-mueller.de\/wp-content\/uploads\/2025\/09\/IMG_2532-1024x768.jpeg\" alt=\"\" class=\"wp-image-293\" srcset=\"https:\/\/kapitaen-mueller.de\/wp-content\/uploads\/2025\/09\/IMG_2532-1024x768.jpeg 1024w, https:\/\/kapitaen-mueller.de\/wp-content\/uploads\/2025\/09\/IMG_2532-300x225.jpeg 300w, https:\/\/kapitaen-mueller.de\/wp-content\/uploads\/2025\/09\/IMG_2532-768x576.jpeg 768w, https:\/\/kapitaen-mueller.de\/wp-content\/uploads\/2025\/09\/IMG_2532.jpeg 1280w\" sizes=\"auto, (max-width: 1024px) 100vw, 1024px\" \/><\/figure>\n\n\n\n<figure class=\"wp-block-image size-large\"><img loading=\"lazy\" decoding=\"async\" width=\"1024\" height=\"768\" data-id=\"191\" src=\"https:\/\/kapitaen-mueller.de\/wp-content\/uploads\/2025\/09\/IMG_2311-1024x768.jpeg\" alt=\"\" class=\"wp-image-191\" srcset=\"https:\/\/kapitaen-mueller.de\/wp-content\/uploads\/2025\/09\/IMG_2311-1024x768.jpeg 1024w, https:\/\/kapitaen-mueller.de\/wp-content\/uploads\/2025\/09\/IMG_2311-300x225.jpeg 300w, https:\/\/kapitaen-mueller.de\/wp-content\/uploads\/2025\/09\/IMG_2311-768x576.jpeg 768w, https:\/\/kapitaen-mueller.de\/wp-content\/uploads\/2025\/09\/IMG_2311.jpeg 1280w\" sizes=\"auto, (max-width: 1024px) 100vw, 1024px\" \/><\/figure>\n\n\n\n<figure class=\"wp-block-image size-large\"><img loading=\"lazy\" decoding=\"async\" width=\"1024\" height=\"768\" data-id=\"184\" src=\"https:\/\/kapitaen-mueller.de\/wp-content\/uploads\/2025\/09\/IMG_2303-1024x768.jpeg\" alt=\"\" class=\"wp-image-184\" srcset=\"https:\/\/kapitaen-mueller.de\/wp-content\/uploads\/2025\/09\/IMG_2303-1024x768.jpeg 1024w, https:\/\/kapitaen-mueller.de\/wp-content\/uploads\/2025\/09\/IMG_2303-300x225.jpeg 300w, https:\/\/kapitaen-mueller.de\/wp-content\/uploads\/2025\/09\/IMG_2303-768x576.jpeg 768w, https:\/\/kapitaen-mueller.de\/wp-content\/uploads\/2025\/09\/IMG_2303.jpeg 1280w\" sizes=\"auto, (max-width: 1024px) 100vw, 1024px\" \/><\/figure>\n\n\n\n<figure class=\"wp-block-image size-large\"><img loading=\"lazy\" decoding=\"async\" width=\"1024\" height=\"768\" data-id=\"182\" src=\"https:\/\/kapitaen-mueller.de\/wp-content\/uploads\/2025\/09\/IMG_2300-1024x768.jpeg\" alt=\"\" class=\"wp-image-182\" srcset=\"https:\/\/kapitaen-mueller.de\/wp-content\/uploads\/2025\/09\/IMG_2300-1024x768.jpeg 1024w, https:\/\/kapitaen-mueller.de\/wp-content\/uploads\/2025\/09\/IMG_2300-300x225.jpeg 300w, https:\/\/kapitaen-mueller.de\/wp-content\/uploads\/2025\/09\/IMG_2300-768x576.jpeg 768w, https:\/\/kapitaen-mueller.de\/wp-content\/uploads\/2025\/09\/IMG_2300.jpeg 1280w\" sizes=\"auto, (max-width: 1024px) 100vw, 1024px\" \/><\/figure>\n\n\n\n<figure class=\"wp-block-image size-large\"><img loading=\"lazy\" decoding=\"async\" width=\"1024\" height=\"768\" data-id=\"189\" src=\"https:\/\/kapitaen-mueller.de\/wp-content\/uploads\/2025\/09\/IMG_2308-1024x768.jpeg\" alt=\"\" class=\"wp-image-189\" srcset=\"https:\/\/kapitaen-mueller.de\/wp-content\/uploads\/2025\/09\/IMG_2308-1024x768.jpeg 1024w, https:\/\/kapitaen-mueller.de\/wp-content\/uploads\/2025\/09\/IMG_2308-300x225.jpeg 300w, https:\/\/kapitaen-mueller.de\/wp-content\/uploads\/2025\/09\/IMG_2308-768x576.jpeg 768w, https:\/\/kapitaen-mueller.de\/wp-content\/uploads\/2025\/09\/IMG_2308.jpeg 1280w\" sizes=\"auto, (max-width: 1024px) 100vw, 1024px\" \/><\/figure>\n\n\n\n<figure class=\"wp-block-image size-large\"><img loading=\"lazy\" decoding=\"async\" width=\"1024\" height=\"768\" data-id=\"194\" src=\"https:\/\/kapitaen-mueller.de\/wp-content\/uploads\/2025\/09\/IMG_2314-1024x768.jpeg\" alt=\"\" class=\"wp-image-194\" srcset=\"https:\/\/kapitaen-mueller.de\/wp-content\/uploads\/2025\/09\/IMG_2314-1024x768.jpeg 1024w, https:\/\/kapitaen-mueller.de\/wp-content\/uploads\/2025\/09\/IMG_2314-300x225.jpeg 300w, https:\/\/kapitaen-mueller.de\/wp-content\/uploads\/2025\/09\/IMG_2314-768x576.jpeg 768w, https:\/\/kapitaen-mueller.de\/wp-content\/uploads\/2025\/09\/IMG_2314.jpeg 1280w\" sizes=\"auto, (max-width: 1024px) 100vw, 1024px\" \/><\/figure>\n<\/figure>\n\n\n\n<p>F\u00fcr Besucher ist das Wattenmeer auf vielf\u00e4ltige Weise erlebbar. Am bekanntesten sind die gef\u00fchrten Wattwanderungen, die von erfahrenen Wattf\u00fchrern geleitet werden. Sie erkl\u00e4ren nicht nur die Lebensweise der Tiere und Pflanzen, sondern f\u00fchren G\u00e4ste auch sicher \u00fcber den oft t\u00fcckischen Untergrund, der bei pl\u00f6tzlich einsetzender Flut gef\u00e4hrlich werden kann. Beliebt ist die legend\u00e4re Wattwanderung zur Insel Neuwerk, die je nach Route etwa drei Stunden dauert und zu den unvergesslichsten Naturerlebnissen an der deutschen Nordseek\u00fcste z\u00e4hlt. Wer es bequemer mag, kann die Strecke auch mit traditionellen Wattwagen zur\u00fccklegen \u2013 Pferdefuhrwerke, die bei Ebbe \u00fcber den Meeresboden rollen.<\/p>\n\n\n\n<p>Doch das Wattenmeer ist nicht nur Naturraum, sondern auch ein Raum voller Geschichten. \u00dcber Jahrhunderte lebten die Menschen hier vom Fischfang, der Salzgewinnung aus Salzwiesen oder dem Walfang. Immer wieder mussten sie sich gegen Sturmfluten behaupten, die ganze D\u00f6rfer zerst\u00f6rten. Heute steht neben dem K\u00fcstenschutz vor allem der Erhalt des empfindlichen \u00d6kosystems im Vordergrund. Nationalparkh\u00e4user und Infozentren in Cuxhaven-Duhnen oder Sahlenburg vermitteln anschaulich, warum das Wattenmeer so sch\u00fctzenswert ist und welche Rolle es im globalen Naturhaushalt spielt.<\/p>\n\n\n<div class=\"wp-block-image\">\n<figure class=\"aligncenter size-large\"><img loading=\"lazy\" decoding=\"async\" width=\"1024\" height=\"244\" src=\"https:\/\/kapitaen-mueller.de\/wp-content\/uploads\/2025\/09\/Bildschirmfoto-2025-09-10-um-16.39.00-1024x244.png\" alt=\"\" class=\"wp-image-926\" srcset=\"https:\/\/kapitaen-mueller.de\/wp-content\/uploads\/2025\/09\/Bildschirmfoto-2025-09-10-um-16.39.00-1024x244.png 1024w, https:\/\/kapitaen-mueller.de\/wp-content\/uploads\/2025\/09\/Bildschirmfoto-2025-09-10-um-16.39.00-300x72.png 300w, https:\/\/kapitaen-mueller.de\/wp-content\/uploads\/2025\/09\/Bildschirmfoto-2025-09-10-um-16.39.00-768x183.png 768w, https:\/\/kapitaen-mueller.de\/wp-content\/uploads\/2025\/09\/Bildschirmfoto-2025-09-10-um-16.39.00.png 1400w\" sizes=\"auto, (max-width: 1024px) 100vw, 1024px\" \/><\/figure>\n<\/div>\n\n\n<p>Auch f\u00fcr Kinder ist ein Besuch im Watt ein Abenteuer. Barfu\u00df den Schlick zwischen den Zehen zu sp\u00fcren, kleine Krebse einzusammeln oder Muscheln zu entdecken, bleibt lange in Erinnerung. Gleichzeitig lernen sie spielerisch etwas \u00fcber \u00f6kologische Zusammenh\u00e4nge und die Bedeutung des Naturschutzes. F\u00fcr Erwachsene wiederum bietet das Watt die Chance, den Alltag hinter sich zu lassen und zur Ruhe zu kommen \u2013 kaum ein Ort wirkt so entschleunigend wie diese weite Landschaft zwischen Land und Meer.<\/p>\n\n\n\n<figure class=\"wp-block-image size-large\"><img loading=\"lazy\" decoding=\"async\" width=\"1024\" height=\"768\" src=\"https:\/\/kapitaen-mueller.de\/wp-content\/uploads\/2025\/09\/IMG_3701-1024x768.jpeg\" alt=\"\" class=\"wp-image-399\" style=\"aspect-ratio:16\/9;object-fit:cover\" srcset=\"https:\/\/kapitaen-mueller.de\/wp-content\/uploads\/2025\/09\/IMG_3701-1024x768.jpeg 1024w, https:\/\/kapitaen-mueller.de\/wp-content\/uploads\/2025\/09\/IMG_3701-300x225.jpeg 300w, https:\/\/kapitaen-mueller.de\/wp-content\/uploads\/2025\/09\/IMG_3701-768x576.jpeg 768w, https:\/\/kapitaen-mueller.de\/wp-content\/uploads\/2025\/09\/IMG_3701.jpeg 1280w\" sizes=\"auto, (max-width: 1024px) 100vw, 1024px\" \/><\/figure>\n\n\n\n<p>Wer das Wattenmeer von Cuxhaven aus erkundet, begibt sich also nicht nur in eine au\u00dfergew\u00f6hnliche Naturlandschaft, sondern auch in einen Raum voller Kulturgeschichte und Zukunftsbedeutung. Ob zu Fu\u00df, mit dem Fahrrad entlang der Deiche oder bei einer Kutterfahrt hinaus auf die offene Nordsee \u2013 das Wattenmeer ist ein Erlebnis, das sich jedem Besucher tief einpr\u00e4gt und die Sch\u00f6nheit wie auch die Verletzlichkeit unserer Natur bewusst macht.<\/p>\n","protected":false},"excerpt":{"rendered":"<p>Das Wattenmeer vor Cuxhaven geh\u00f6rt zu den eindrucksvollsten Naturlandschaften Europas und ist seit 2009 Teil des UNESCO-Weltnaturerbes. Wer hier an der Nordseek\u00fcste steht und den Blick in die Weite schweifen l\u00e4sst, sp\u00fcrt sofort die besondere Mischung aus endloser Freiheit, lebendigem Naturgeschehen und maritimem Charme. Das Wattenmeer ist weit mehr als eine \u201eLandschaft bei Ebbe\u201c \u2013&#8230;<\/p>\n","protected":false},"author":1,"featured_media":173,"parent":0,"menu_order":0,"comment_status":"closed","ping_status":"closed","template":"","meta":{"_kadence_starter_templates_imported_post":false,"_kad_post_transparent":"","_kad_post_title":"","_kad_post_layout":"","_kad_post_sidebar_id":"","_kad_post_content_style":"","_kad_post_vertical_padding":"","_kad_post_feature":"","_kad_post_feature_position":"","_kad_post_header":false,"_kad_post_footer":false,"footnotes":""},"class_list":["post-38","page","type-page","status-publish","has-post-thumbnail","hentry"],"_links":{"self":[{"href":"https:\/\/kapitaen-mueller.de\/index.php?rest_route=\/wp\/v2\/pages\/38","targetHints":{"allow":["GET"]}}],"collection":[{"href":"https:\/\/kapitaen-mueller.de\/index.php?rest_route=\/wp\/v2\/pages"}],"about":[{"href":"https:\/\/kapitaen-mueller.de\/index.php?rest_route=\/wp\/v2\/types\/page"}],"author":[{"embeddable":true,"href":"https:\/\/kapitaen-mueller.de\/index.php?rest_route=\/wp\/v2\/users\/1"}],"replies":[{"embeddable":true,"href":"https:\/\/kapitaen-mueller.de\/index.php?rest_route=%2Fwp%2Fv2%2Fcomments&post=38"}],"version-history":[{"count":3,"href":"https:\/\/kapitaen-mueller.de\/index.php?rest_route=\/wp\/v2\/pages\/38\/revisions"}],"predecessor-version":[{"id":933,"href":"https:\/\/kapitaen-mueller.de\/index.php?rest_route=\/wp\/v2\/pages\/38\/revisions\/933"}],"wp:featuredmedia":[{"embeddable":true,"href":"https:\/\/kapitaen-mueller.de\/index.php?rest_route=\/wp\/v2\/media\/173"}],"wp:attachment":[{"href":"https:\/\/kapitaen-mueller.de\/index.php?rest_route=%2Fwp%2Fv2%2Fmedia&parent=38"}],"curies":[{"name":"wp","href":"https:\/\/api.w.org\/{rel}","templated":true}]}}