{"id":36,"date":"2025-09-02T08:42:36","date_gmt":"2025-09-02T08:42:36","guid":{"rendered":"https:\/\/kapitaen-mueller.de\/?page_id=36"},"modified":"2025-09-10T18:29:55","modified_gmt":"2025-09-10T18:29:55","slug":"top-sehenswuerdigkeiten-in-cuxhaven","status":"publish","type":"page","link":"https:\/\/kapitaen-mueller.de\/?page_id=36","title":{"rendered":"Top-Sehensw\u00fcrdigkeiten in Cuxhaven"},"content":{"rendered":"\n<p><strong>Top-Sehensw\u00fcrdigkeiten in Cuxhaven<\/strong><\/p>\n\n\n\n<p><strong>1. Wattenmeer<\/strong><\/p>\n\n\n\n<p>Ein beeindruckendes UNESCO-Weltnaturerbe, das sich durch sein einzigartiges \u00d6kosystem mit Watt, Salzwiesen und D\u00fcnen auszeichnet. Gef\u00fchrte Wattwanderungen, Bootstouren oder Vogelbeobachtungstouren bieten unvergessliche Naturerlebnisse. <\/p>\n\n\n\n<div class=\"wp-block-buttons alignwide is-content-justification-center is-layout-flex wp-container-core-buttons-is-layout-16018d1d wp-block-buttons-is-layout-flex\">\n<div class=\"wp-block-button\"><a class=\"wp-block-button__link wp-element-button\" href=\"https:\/\/kapitaen-mueller.de\/?page_id=38\">Mehr Informationen<\/a><\/div>\n<\/div>\n\n\n<div class=\"wp-block-image\">\n<figure class=\"aligncenter size-large\"><img loading=\"lazy\" decoding=\"async\" width=\"1024\" height=\"768\" src=\"https:\/\/kapitaen-mueller.de\/wp-content\/uploads\/2025\/09\/IMG_5019-1024x768.jpeg\" alt=\"\" class=\"wp-image-450\" srcset=\"https:\/\/kapitaen-mueller.de\/wp-content\/uploads\/2025\/09\/IMG_5019-1024x768.jpeg 1024w, https:\/\/kapitaen-mueller.de\/wp-content\/uploads\/2025\/09\/IMG_5019-300x225.jpeg 300w, https:\/\/kapitaen-mueller.de\/wp-content\/uploads\/2025\/09\/IMG_5019-768x576.jpeg 768w, https:\/\/kapitaen-mueller.de\/wp-content\/uploads\/2025\/09\/IMG_5019.jpeg 1280w\" sizes=\"auto, (max-width: 1024px) 100vw, 1024px\" \/><\/figure>\n<\/div>\n\n\n<p><strong>2. Alte Liebe<\/strong><\/p>\n\n\n\n<p>Eine zweist\u00f6ckige, h\u00f6lzerne Aussichtsplattform im Hafen, gegr\u00fcndet 1733 als Wellenbrecher. Sie dient heute als beliebter Aussichtspunkt \u2013 mit Blick auf Schiffe und regelm\u00e4\u00dfigen Schiffsnachrichten \u00fcber Lautsprecher.<\/p>\n\n\n\n<div class=\"wp-block-buttons is-content-justification-center is-layout-flex wp-container-core-buttons-is-layout-16018d1d wp-block-buttons-is-layout-flex\">\n<div class=\"wp-block-button\"><a class=\"wp-block-button__link wp-element-button\" href=\"https:\/\/kapitaen-mueller.de\/?page_id=42\">Mehr Informationen<\/a><\/div>\n<\/div>\n\n\n<div class=\"wp-block-image\">\n<figure class=\"aligncenter size-large\"><img loading=\"lazy\" decoding=\"async\" width=\"1024\" height=\"556\" src=\"https:\/\/kapitaen-mueller.de\/wp-content\/uploads\/2025\/09\/IMG_7576-1024x556.jpeg\" alt=\"\" class=\"wp-image-557\" srcset=\"https:\/\/kapitaen-mueller.de\/wp-content\/uploads\/2025\/09\/IMG_7576-1024x556.jpeg 1024w, https:\/\/kapitaen-mueller.de\/wp-content\/uploads\/2025\/09\/IMG_7576-300x163.jpeg 300w, https:\/\/kapitaen-mueller.de\/wp-content\/uploads\/2025\/09\/IMG_7576-768x417.jpeg 768w, https:\/\/kapitaen-mueller.de\/wp-content\/uploads\/2025\/09\/IMG_7576.jpeg 1280w\" sizes=\"auto, (max-width: 1024px) 100vw, 1024px\" \/><\/figure>\n<\/div>\n\n\n<p><strong>3. Kugelbake<\/strong><\/p>\n\n\n\n<p>Das ikonische h\u00f6lzerne Seezeichen, das den \u00dcbergang von der Elbe zur Nordsee markiert. Mit 28\u201330 m H\u00f6he ein Symbol von Cuxhaven und im Stadtwappen seit 1913 vertreten.<\/p>\n\n\n\n<div class=\"wp-block-buttons is-content-justification-center is-layout-flex wp-container-core-buttons-is-layout-16018d1d wp-block-buttons-is-layout-flex\">\n<div class=\"wp-block-button\"><a class=\"wp-block-button__link wp-element-button\" href=\"https:\/\/kapitaen-mueller.de\/?page_id=52\">Mehr Informationen<\/a><\/div>\n<\/div>\n\n\n<div class=\"wp-block-image\">\n<figure class=\"aligncenter size-large\"><img loading=\"lazy\" decoding=\"async\" width=\"1024\" height=\"568\" src=\"https:\/\/kapitaen-mueller.de\/wp-content\/uploads\/2025\/07\/Kugelbake-1024x568.png\" alt=\"\" class=\"wp-image-8\" srcset=\"https:\/\/kapitaen-mueller.de\/wp-content\/uploads\/2025\/07\/Kugelbake-1024x568.png 1024w, https:\/\/kapitaen-mueller.de\/wp-content\/uploads\/2025\/07\/Kugelbake-300x166.png 300w, https:\/\/kapitaen-mueller.de\/wp-content\/uploads\/2025\/07\/Kugelbake-768x426.png 768w, https:\/\/kapitaen-mueller.de\/wp-content\/uploads\/2025\/07\/Kugelbake-1536x851.png 1536w, https:\/\/kapitaen-mueller.de\/wp-content\/uploads\/2025\/07\/Kugelbake-2048x1135.png 2048w, https:\/\/kapitaen-mueller.de\/wp-content\/uploads\/2025\/07\/Kugelbake-1170x648.png 1170w\" sizes=\"auto, (max-width: 1024px) 100vw, 1024px\" \/><\/figure>\n<\/div>\n\n\n<p><strong>4. Schloss Ritzeb\u00fcttel<\/strong><\/p>\n\n\n\n<p>Ein sp\u00e4tmittelalterliches Backsteinschloss aus dem 14. Jahrhundert. Heute als Kulturzentrum mit Ausstellungen, Konzerten und Lesungen nutzbar \u2013 \u201eB\u00fcrgerschloss\u201c genannt.<\/p>\n\n\n\n<p><strong>5. Museum Windst\u00e4rke 10<\/strong><\/p>\n\n\n\n<p>Interaktives Museum zur Fischerei und Seefahrt \u2013 mit multimedialen Stationen, Film- und Soundeffekten, die maritime Geschichte zum Leben erwecken.<\/p>\n\n\n<div class=\"wp-block-image\">\n<figure class=\"aligncenter size-large\"><img loading=\"lazy\" decoding=\"async\" width=\"1024\" height=\"768\" src=\"https:\/\/kapitaen-mueller.de\/wp-content\/uploads\/2025\/09\/IMG_5366-1024x768.jpeg\" alt=\"\" class=\"wp-image-465\" srcset=\"https:\/\/kapitaen-mueller.de\/wp-content\/uploads\/2025\/09\/IMG_5366-1024x768.jpeg 1024w, https:\/\/kapitaen-mueller.de\/wp-content\/uploads\/2025\/09\/IMG_5366-300x225.jpeg 300w, https:\/\/kapitaen-mueller.de\/wp-content\/uploads\/2025\/09\/IMG_5366-768x576.jpeg 768w, https:\/\/kapitaen-mueller.de\/wp-content\/uploads\/2025\/09\/IMG_5366.jpeg 1280w\" sizes=\"auto, (max-width: 1024px) 100vw, 1024px\" \/><\/figure>\n<\/div>\n\n\n<p><strong>6. Hapag-Hallen<\/strong><\/p>\n\n\n\n<p>Denkmalgesch\u00fctztes Passagierterminal im Hafen \u2013 einst zentraler Auswanderungspunkt. Heute Veranstaltungsort mit Kuppelsaal, Zollhalle, Hanseatensaal und mehr.<\/p>\n\n\n<div class=\"wp-block-image\">\n<figure class=\"aligncenter size-large\"><img loading=\"lazy\" decoding=\"async\" width=\"1024\" height=\"768\" src=\"https:\/\/kapitaen-mueller.de\/wp-content\/uploads\/2025\/09\/IMG_7616-1024x768.jpeg\" alt=\"\" class=\"wp-image-593\" srcset=\"https:\/\/kapitaen-mueller.de\/wp-content\/uploads\/2025\/09\/IMG_7616-1024x768.jpeg 1024w, https:\/\/kapitaen-mueller.de\/wp-content\/uploads\/2025\/09\/IMG_7616-300x225.jpeg 300w, https:\/\/kapitaen-mueller.de\/wp-content\/uploads\/2025\/09\/IMG_7616-768x576.jpeg 768w, https:\/\/kapitaen-mueller.de\/wp-content\/uploads\/2025\/09\/IMG_7616.jpeg 1280w\" sizes=\"auto, (max-width: 1024px) 100vw, 1024px\" \/><\/figure>\n<\/div>\n\n\n<p><strong>7. Fort Kugelbake<\/strong><\/p>\n\n\n\n<p>Ehemalige Marinebefestigung aus dem 19. Jahrhundert, strategisch an der Elbm\u00fcndung gelegen. Das letzte erhaltene Artilleriefort an der deutschen Nordseek\u00fcste.<\/p>\n\n\n<div class=\"wp-block-image\">\n<figure class=\"aligncenter size-large\"><img loading=\"lazy\" decoding=\"async\" width=\"1024\" height=\"689\" src=\"https:\/\/kapitaen-mueller.de\/wp-content\/uploads\/2025\/09\/Bildschirmfoto-2025-09-10-um-16.37.04-1024x689.png\" alt=\"\" class=\"wp-image-923\" srcset=\"https:\/\/kapitaen-mueller.de\/wp-content\/uploads\/2025\/09\/Bildschirmfoto-2025-09-10-um-16.37.04-1024x689.png 1024w, https:\/\/kapitaen-mueller.de\/wp-content\/uploads\/2025\/09\/Bildschirmfoto-2025-09-10-um-16.37.04-300x202.png 300w, https:\/\/kapitaen-mueller.de\/wp-content\/uploads\/2025\/09\/Bildschirmfoto-2025-09-10-um-16.37.04-768x517.png 768w, https:\/\/kapitaen-mueller.de\/wp-content\/uploads\/2025\/09\/Bildschirmfoto-2025-09-10-um-16.37.04.png 1400w\" sizes=\"auto, (max-width: 1024px) 100vw, 1024px\" \/><\/figure>\n<\/div>\n\n\n<p><strong>8. Feuerschiff \u201eElbe 1\u201c<\/strong><\/p>\n\n\n\n<p>Historisches Feuerschiff, inzwischen ein schwimmendes Museum. Man kann Kommandobr\u00fccke und Mannschaftsr\u00e4ume besichtigen \u2013 mit gelegentlichen Ausflugsfahrten.<\/p>\n\n\n<div class=\"wp-block-image\">\n<figure class=\"aligncenter size-large\"><img loading=\"lazy\" decoding=\"async\" width=\"1024\" height=\"768\" src=\"https:\/\/kapitaen-mueller.de\/wp-content\/uploads\/2025\/09\/IMG_7572-1024x768.jpeg\" alt=\"\" class=\"wp-image-553\" srcset=\"https:\/\/kapitaen-mueller.de\/wp-content\/uploads\/2025\/09\/IMG_7572-1024x768.jpeg 1024w, https:\/\/kapitaen-mueller.de\/wp-content\/uploads\/2025\/09\/IMG_7572-300x225.jpeg 300w, https:\/\/kapitaen-mueller.de\/wp-content\/uploads\/2025\/09\/IMG_7572-768x576.jpeg 768w, https:\/\/kapitaen-mueller.de\/wp-content\/uploads\/2025\/09\/IMG_7572.jpeg 1280w\" sizes=\"auto, (max-width: 1024px) 100vw, 1024px\" \/><\/figure>\n<\/div>\n\n\n<p><strong>9. Insel Neuwerk<\/strong><\/p>\n\n\n\n<p>Nordseeinsel, die bei Ebbe zu Fu\u00df oder mit dem Wattwagen erreichbar ist. Mit einem Leuchtturm aus dem 14. Jahrhundert und einem \u201eFriedhof der Namenlosen\u201c.<\/p>\n\n\n\n<p><strong>10. Leuchtturm \u201eDicke Berta\u201c<\/strong><\/p>\n\n\n\n<p>Kleiner Leuchtturm in Altenbruch, heute ein Baudenkmal. In den Sommermonaten auch von innen zu besichtigen.<\/p>\n\n\n<div class=\"wp-block-image\">\n<figure class=\"aligncenter size-large\"><img loading=\"lazy\" decoding=\"async\" width=\"1024\" height=\"768\" src=\"https:\/\/kapitaen-mueller.de\/wp-content\/uploads\/2025\/09\/IMG_2513-1024x768.jpeg\" alt=\"\" class=\"wp-image-273\" srcset=\"https:\/\/kapitaen-mueller.de\/wp-content\/uploads\/2025\/09\/IMG_2513-1024x768.jpeg 1024w, https:\/\/kapitaen-mueller.de\/wp-content\/uploads\/2025\/09\/IMG_2513-300x225.jpeg 300w, https:\/\/kapitaen-mueller.de\/wp-content\/uploads\/2025\/09\/IMG_2513-768x576.jpeg 768w, https:\/\/kapitaen-mueller.de\/wp-content\/uploads\/2025\/09\/IMG_2513.jpeg 1280w\" sizes=\"auto, (max-width: 1024px) 100vw, 1024px\" \/><\/figure>\n<\/div>\n\n\n<p><strong>11. Kurpark D\u00f6se<\/strong><\/p>\n\n\n\n<p>Ein familienfreundlicher Park mit einem kleinen Zoo, einschlie\u00dflich Pinguinen sowie Kaninchendorf \u2013 t\u00e4glich \u00f6ffentliche Pinguinf\u00fctterung.&nbsp;<\/p>\n\n\n<div class=\"wp-block-image\">\n<figure class=\"aligncenter size-large\"><img loading=\"lazy\" decoding=\"async\" width=\"1024\" height=\"768\" src=\"https:\/\/kapitaen-mueller.de\/wp-content\/uploads\/2025\/09\/IMG_8359-1024x768.jpeg\" alt=\"\" class=\"wp-image-745\" srcset=\"https:\/\/kapitaen-mueller.de\/wp-content\/uploads\/2025\/09\/IMG_8359-1024x768.jpeg 1024w, https:\/\/kapitaen-mueller.de\/wp-content\/uploads\/2025\/09\/IMG_8359-300x225.jpeg 300w, https:\/\/kapitaen-mueller.de\/wp-content\/uploads\/2025\/09\/IMG_8359-768x576.jpeg 768w, https:\/\/kapitaen-mueller.de\/wp-content\/uploads\/2025\/09\/IMG_8359.jpeg 1280w\" sizes=\"auto, (max-width: 1024px) 100vw, 1024px\" \/><\/figure>\n<\/div>\n\n\n<p><strong>12. Weitere lohnenswerte Orte<\/strong><\/p>\n\n\n\n<ul class=\"wp-block-list\">\n<li><strong>Cuxhavener Strand &amp; Hafen<\/strong>: Kilometerlanger Sandstrand, Strandk\u00f6rbe, Promenade, Fischrestaurants und Hafenflair mit Fischerei-Ambiente.<\/li>\n\n\n\n<li><strong>Fischerviertel &amp; Joachim-Ringelnatz-Museum<\/strong>: Historisches Fischerviertel mit bunten H\u00e4usern und Caf\u00e9s, plus ein charmantes Museum \u00fcber den K\u00fcnstler Ringelnatz.<\/li>\n<\/ul>\n\n\n\n<p><strong>Grimmersh\u00f6rnbucht, Wernerwald &amp; K\u00fcstenheide<\/strong>: Naturkulissen f\u00fcr entspannte Spazierg\u00e4nge und Picknicke.<\/p>\n\n\n<div class=\"wp-block-image\">\n<figure class=\"aligncenter size-large\"><img loading=\"lazy\" decoding=\"async\" width=\"1024\" height=\"768\" src=\"https:\/\/kapitaen-mueller.de\/wp-content\/uploads\/2025\/09\/IMG_8372-1024x768.jpeg\" alt=\"\" class=\"wp-image-754\" srcset=\"https:\/\/kapitaen-mueller.de\/wp-content\/uploads\/2025\/09\/IMG_8372-1024x768.jpeg 1024w, https:\/\/kapitaen-mueller.de\/wp-content\/uploads\/2025\/09\/IMG_8372-300x225.jpeg 300w, https:\/\/kapitaen-mueller.de\/wp-content\/uploads\/2025\/09\/IMG_8372-768x576.jpeg 768w, https:\/\/kapitaen-mueller.de\/wp-content\/uploads\/2025\/09\/IMG_8372.jpeg 1280w\" sizes=\"auto, (max-width: 1024px) 100vw, 1024px\" \/><\/figure>\n<\/div>\n\n\n<p><strong>Elberadweg<\/strong>: Beliebter Radfernweg, der in Cuxhaven endet \u2013 ideal f\u00fcr sportliche Aktivit\u00e4ten mit Meerblick.<\/p>\n\n\n<div class=\"wp-block-image\">\n<figure class=\"aligncenter size-large\"><img loading=\"lazy\" decoding=\"async\" width=\"1024\" height=\"768\" src=\"https:\/\/kapitaen-mueller.de\/wp-content\/uploads\/2025\/09\/IMG_7629-1024x768.jpeg\" alt=\"\" class=\"wp-image-602\" srcset=\"https:\/\/kapitaen-mueller.de\/wp-content\/uploads\/2025\/09\/IMG_7629-1024x768.jpeg 1024w, https:\/\/kapitaen-mueller.de\/wp-content\/uploads\/2025\/09\/IMG_7629-300x225.jpeg 300w, https:\/\/kapitaen-mueller.de\/wp-content\/uploads\/2025\/09\/IMG_7629-768x576.jpeg 768w, https:\/\/kapitaen-mueller.de\/wp-content\/uploads\/2025\/09\/IMG_7629.jpeg 1280w\" sizes=\"auto, (max-width: 1024px) 100vw, 1024px\" \/><\/figure>\n<\/div>\n\n\n<p><strong>Weserradweg<\/strong>: Beliebter Radfernweg, der in Cuxhaven endet \u2013 ideal f\u00fcr sportliche Aktivit\u00e4ten mit Meerblick.<\/p>\n\n\n<div class=\"wp-block-image\">\n<figure class=\"aligncenter size-large\"><img loading=\"lazy\" decoding=\"async\" width=\"1024\" height=\"768\" src=\"https:\/\/kapitaen-mueller.de\/wp-content\/uploads\/2025\/09\/IMG_7628-1024x768.jpeg\" alt=\"\" class=\"wp-image-601\" srcset=\"https:\/\/kapitaen-mueller.de\/wp-content\/uploads\/2025\/09\/IMG_7628-1024x768.jpeg 1024w, https:\/\/kapitaen-mueller.de\/wp-content\/uploads\/2025\/09\/IMG_7628-300x225.jpeg 300w, https:\/\/kapitaen-mueller.de\/wp-content\/uploads\/2025\/09\/IMG_7628-768x576.jpeg 768w, https:\/\/kapitaen-mueller.de\/wp-content\/uploads\/2025\/09\/IMG_7628.jpeg 1280w\" sizes=\"auto, (max-width: 1024px) 100vw, 1024px\" \/><\/figure>\n<\/div>","protected":false},"excerpt":{"rendered":"<p>Top-Sehensw\u00fcrdigkeiten in Cuxhaven 1. Wattenmeer Ein beeindruckendes UNESCO-Weltnaturerbe, das sich durch sein einzigartiges \u00d6kosystem mit Watt, Salzwiesen und D\u00fcnen auszeichnet. Gef\u00fchrte Wattwanderungen, Bootstouren oder Vogelbeobachtungstouren bieten unvergessliche Naturerlebnisse. 2. Alte Liebe Eine zweist\u00f6ckige, h\u00f6lzerne Aussichtsplattform im Hafen, gegr\u00fcndet 1733 als Wellenbrecher. Sie dient heute als beliebter Aussichtspunkt \u2013 mit Blick auf Schiffe und regelm\u00e4\u00dfigen Schiffsnachrichten&#8230;<\/p>\n","protected":false},"author":1,"featured_media":0,"parent":0,"menu_order":0,"comment_status":"closed","ping_status":"closed","template":"","meta":{"_kadence_starter_templates_imported_post":false,"_kad_post_transparent":"","_kad_post_title":"","_kad_post_layout":"","_kad_post_sidebar_id":"","_kad_post_content_style":"","_kad_post_vertical_padding":"","_kad_post_feature":"","_kad_post_feature_position":"","_kad_post_header":false,"_kad_post_footer":false,"footnotes":""},"class_list":["post-36","page","type-page","status-publish","hentry"],"_links":{"self":[{"href":"https:\/\/kapitaen-mueller.de\/index.php?rest_route=\/wp\/v2\/pages\/36","targetHints":{"allow":["GET"]}}],"collection":[{"href":"https:\/\/kapitaen-mueller.de\/index.php?rest_route=\/wp\/v2\/pages"}],"about":[{"href":"https:\/\/kapitaen-mueller.de\/index.php?rest_route=\/wp\/v2\/types\/page"}],"author":[{"embeddable":true,"href":"https:\/\/kapitaen-mueller.de\/index.php?rest_route=\/wp\/v2\/users\/1"}],"replies":[{"embeddable":true,"href":"https:\/\/kapitaen-mueller.de\/index.php?rest_route=%2Fwp%2Fv2%2Fcomments&post=36"}],"version-history":[{"count":4,"href":"https:\/\/kapitaen-mueller.de\/index.php?rest_route=\/wp\/v2\/pages\/36\/revisions"}],"predecessor-version":[{"id":941,"href":"https:\/\/kapitaen-mueller.de\/index.php?rest_route=\/wp\/v2\/pages\/36\/revisions\/941"}],"wp:attachment":[{"href":"https:\/\/kapitaen-mueller.de\/index.php?rest_route=%2Fwp%2Fv2%2Fmedia&parent=36"}],"curies":[{"name":"wp","href":"https:\/\/api.w.org\/{rel}","templated":true}]}}